ided by 105.
95
What is the remainder when 76218125 is divided by 285?
5
What is the remainder when 291920 is divided by 7677?
194
Calculate the remainder when 642411 is divided by 4830.
21
Calculate the remainder when 326459 is divided by 4108.
1927
What is the remainder when 33065606 is divided by 643?
617
What is the remainder when 3573936 is divided by 3889?
3834
Calculate the remainder when 1433248 is divided by 89468.
1760
Calculate the remainder when 297320 is divided by 15904.
11048
What is the remainder when 5384 is divided by 134?
24
Calculate the remainder when 105330918 is divided by 621.
3
Calculate the remainder when 219856 is divided by 521.
515
Calculate the remainder when 655133 is divided by 2631.
14
Calculate the remainder when 7811998 is divided by 375.
373
Calculate the remainder when 1102777 is divided by 551384.
9
What is the remainder when 14975320 is divided by 775?
770
What is the remainder when 6816 is divided by 255?
186
Calculate the remainder when 3887194 is divided by 3262.
2152
What is the remainder when 1588656 is divided by 175?
6
Calculate the remainder when 1322591 is divided by 1491.
74
What is the remainder when 99094241 is divided by 39?
38
What is the remainder when 59481 is divided by 19107?
2160
Calculate the remainder when 29464 is divided by 4057.
1065
Calculate the remainder when 110296031 is divided by 688.
687
Calculate the remainder when 1356048 is divided by 876.
0
What is the remainder when 377632 is divided by 1393?
129
What is the remainder when 12278859 is divided by 1284?
1251
Calculate the remainder when 324908 is divided by 6766.
140
What is the remainder when 626406 is divided by 137?
42
What is the remainder when 10624659 is divided by 3?
0
Calculate the remainder when 226168 is divided by 691.
211
Calculate the remainder when 62268306 is divided by 2394934.
22
What is the remainder when 50578 is divided by 49642?
936
What is the remainder when 2681982366 is divided by 473?
470
What is the remainder when 19121 is divided by 4761?
77
Calculate the remainder when 1635961 is divided by 363.
283
Calculate the remainder when 100573 is divided by 2692.
969
Calculate the remainder when 79954 is divided by 1626.
280
Calculate the remainder when 104143725 is divided by 1378.
1375
Calculate the remainder when 84494902 is divided by 24.
22
Calculate the remainder when 12065758 is divided by 209.
188
Calculate the remainder when 423560 is divided by 105741.
596
What is the remainder when 9846511 is divided by 4822?
4809
What is the remainder when 10099994 is divided by 808?
802
Calculate the remainder when 60584 is divided by 29942.
700
What is the remainder when 6853473 is divided by 83?
80
Calculate the remainder when 2139170 is divided by 32.
2
What is the remainder when 1674103 is divided by 15793?
45
What is the remainder when 10654320 is divided by 1257?
1245
Calculate the remainder when 14839 is divided by 345.
4
What is the remainder when 11227765 is divided by 6276?
1
What is the remainder when 69929046 is divided by 13985808?
6
Calculate the remainder when 95822 is divided by 4441.
2561
What is the remainder when 151570 is divided by 73921?
3728
Calculate the remainder when 414873 is divided by 138119.
516
What is the remainder when 26862 is divided by 384?
366
What is the remainder when 3770636 is divided by 105?
86
Calculate the remainder when 71387 is divided by 23373.
1268
What is the remainder when 3858798 is divided by 202?
194
Calculate the remainder when 511044401 is divided by 53.
10
What is the remainder when 3329384 is divided by 723?
692
Calculate the remainder when 19971 is divided by 2177.
378
Calculate the remainder when 17163403 is divided by 2574.
2545
Calculate the remainder when 540536 is divided by 268752.
3032
Calculate the remainder when 23850974 is divided by 8233.
8206
Calculate the remainder when 60783532 is divided by 4131.
4129
Calculate the remainder when 23561758 is divided by 12.
10
Calculate the remainder when 313175532 is divided by 11.
10
Calculate the remainder when 379972 is divided by 16054.
10730
Calculate the remainder when 470253 is divided by 2923.
2573
Calculate the remainder when 9277 is divided by 3792.
1693
Calculate the remainder when 478330 is divided by 173.
158
What is the remainder when 36368637 is divided by 48?
45
Calculate the remainder when 9632127 is divided by 75.
27
What is the remainder when 44179 is divided by 2255?
1334
What is the remainder when 6283028 is divided by 1919?
222
What is the remainder when 134262667 is divided by 403?
396
Calculate the remainder when 286776 is divided by 7545.
66
What is the remainder when 2056539 is divided by 760?
739
Calculate the remainder when 13120377 is divided by 47.
45
Calculate the remainder when 1691082 is divided by 338216.
2
What is the remainder when 218502 is divided by 104?
102
What is the remainder when 1074869 is divided by 2180?
129
Calculate the remainder when 11666401 is divided by 65.
6
What is the remainder when 27049570 is divided by 88?
42
What is the remainder when 13978812 is divided by 5810?
5762
What is the remainder when 8456 is divided by 8445?
11
What is the remainder when 1730310 is divided by 45?
15
Calculate the remainder when 1836650 is divided by 22.
2
What is the remainder when 89076 is divided by 68?
64
Calculate the remainder when 16117916 is divided by 208.
204
Calculate the remainder when 12473320 is divided by 832.
808
What is the remainder when 77807 is divided by 15555?
32
Calculate the remainder when 43303030 is divided by 696.
694
Calculate the remainder when 203345 is divided by 25412.
49
What is the remainder when 1258333 is divided by 6?
1
What is the remainder when 95332 is divided by 18860?
1032
Calculate the remainder when 3572727 is divided by 25.
2
What is the remainder when 46795 is divided by 39336?
7459
What is the remainder when 16890 is divided by 424?
354
What is the remainder when 321435 is divided by 35709?
54
What is the remainder when 456042 is divided by 2603?
517
Calculate the remainder when 34782867 is divided by 2770.
2747
Calculate the remainder when 1885292 is divided by 73.
67
What is the remainder when 3406143 is divided by 3406117?
26
What is the remainder when 488778 is divided by 122171?
94
What is the remainder when 8539523 is divided by 28?
27
What is the remainder when 3225050 is divided by 12697?
12
What is the remainder when 10853132 is divided by 26?
4
What is the remainder when 18937879 is divided by 420841?
34
What is the remainder when 566090 is divided by 111?
101
Calculate the remainder when 833834 is divided by 4068.
3962
Calculate the remainder when 35143607 is divided by 89.
88
What is the remainder when 6608 is divided by 2025?
533
Calculate the remainder when 549460 is divided by 1221.
10
What is the remainder when 1774587 is divided by 6453?
12
What is the remainder when 375096 is divided by 185079?
4938
What is the remainder when 5420254 is divided by 228?
10
What is the remainder when 278487 is divided by 27806?
427
Calculate the remainder when 32819315 is divided by 32.
19
What is the remainder when 31494559 is divided by 1785?
19
What is the remainder when 36329106 is divided by 3366?
3234
Calculate the remainder when 441267080 is divided by 101.
100
Calculate the remainder when 153174949 is divided by 8233.
8217
Calculate the remainder when 89408 is divided by 778.
716
What is the remainder when 466185 is divided by 252?
237
What is the remainder when 3298 is divided by 308?
218
Calculate the remainder when 10862 is divided by 3898.
3066
What is the remainder when 5454 is divided by 301?
36
Calculate the remainder when 269469813 is divided by 1813.
1810
What is the remainder when 239264999 is divided by 24?
23
Calculate the remainder when 25852508 is divided by 10.
8
Calculate the remainder when 263148 is divided by 10956.
204
What is the remainder when 4733085 is divided by 461?
459
Calculate the remainder when 232837 is divided by 939.
904
Calculate the remainder when 269773 is divided by 1930.
1503
Calculate the remainder when 5641759 is divided by 83.
0
What is the remainder when 743290 is divided by 37?
34
Calculate the remainder when 117860 is divided by 38233.
3161
Calculate the remainder wh